 is the remainder when i is divided by 5?
3
Let k(y) = -y**3 - 2*y - 3. Let s be k(-2). What is the remainder when (-2)/s + (-808)/(-72) is divided by 4?
3
Let n(k) = 3*k. Let r(d) = 2*d**2 + 2*d + 4. What is the remainder when r(2) is divided by n(3)?
7
Let d be -2 + 2/(-4)*-2. What is the remainder when 101 is divided by -51*(-1 + d/(-3))?
33
Let b = -157 - -208. Suppose -4*p - 3*u - 2*u = -47, -51 = -4*p - u. What is the remainder when b is divided by p?
12
Suppose 4*f - 295 = -3*c, -c - 2*f + f + 98 = 0. Calculate the remainder when c is divided by 25.
22
Suppose -5*x + 3*f = -7 - 59, 4*x - 5*f - 45 = 0. Let o = x + -7. What is the remainder when 14 is divided by o?
6
Let h = 385 - 348. Let t = 22 - 12. Calculate the remainder when h is divided by t.
7
Let x = 61 + -24. What is the remainder when 219 is divided by x?
34
Let k(l) = l**3 - 4*l**2 - 16. What is the remainder when 88 is divided by k(5)?
7
Let k(x) = x**3 + 4*x**2 + 1. Calculate the remainder when 57 is divided by k(-3).
7
Suppose 0 = -0*o + 5*o. Suppose b = -5*j - o*j - 16, 0 = -5*j - 20. Suppose -5 + 1 = -b*w. What is the remainder when 2 is divided by w?
0
Let k be 48/9 - 6/(-9). Let x = 1 + k. Calculate the remainder when 26 is divided by x.
5
Let k = 44 - 29. Calculate the remainder when 56 is divided by k.
11
Let a = -4 + 61. Calculate the remainder when a is divided by (1*-15)/(-1)*1.
12
Let t = 27 - 19. Let u = t + -3. What is the remainder when 13 is divided by u?
3
Let v = -19 + 29. Suppose -2*y + 6 + 2 = 0. Let r(c) = 2*c - 4. What is the remainder when v is divided by r(y)?
2
Let d be (-3)/9*(-30)/2. Suppose d*n - 80 = -0. Suppose 5*g + 18 = 5*y + 2*g, -y - g + 10 = 0. What is the remainder when n is divided by y?
4
Let o = -30 - -79. Suppose 130 = -0*t + 5*t. What is the remainder when o is divided by t?
23
Let z be (-423)/(-6)*4/6. Let k = z - -7. Calculate the remainder when 25 is divided by (12/18)/(4/k).
7
Let q(x) = -x. Let z be q(-3). Suppose -2*c + 46 = -2*a, 5*c - 4*a = z*c + 38. Calculate the remainder when c is divided by 14.
13
Let b = -29 + 40. Let v(t) = t**2 - 1. Let r(f) = -8*f**2 + 13. Let i(y) = -r(y) - 6*v(y). What is the remainder when i(-5) is divided by b?
10
Let q(s) = 3*s**2 + 3*s + 1. Calculate the remainder when q(3) is divided by 10.
7
Let m(b) = 2*b + 4. Let u(a) = -10*a**3 - 2*a**2 - a. Calculate the remainder when m(10) is divided by u(-1).
6
Let y = 2 + 1. Suppose -y*p - p = -56. Let r = -1 + p. Calculate the remainder when 38 is divided by r.
12
Let k = -7 + 28. Calculate the remainder when 83 is divided by k.
20
Suppose 0 = 4*q - 2*f - 122, 12 + 34 = 2*q + 4*f. What is the remainder when q is divided by 16?
13
Let p = -62 + 42. Calculate the remainder when 55 is divided by 2/4 + (-270)/p.
13
Let z(v) = v**3 + 7*v**2 + 8*v + 6. Let d be z(-6). Let u be (-2)/(-6) + (-16)/d. Suppose 52 = c + u*c. Calculate the remainder when c is divided by 7.
6
Let z = -23 - -43. Calculate the remainder when 99 is divided by z.
19
Suppose 2*r + 90 = 5*z - z, 2*z - 2*r - 48 = 0. What is the remainder when 35 is divided by z?
14
Let w be (13/(156/(-8)))/(2/(-6)). Suppose 0*f - 80 = -4*f. Suppose -w*t + f = 3*t. What is the remainder when 10 is divided by t?
2
Let i = -29 - -45. What is the remainder when 31 is divided by i?
15
Let u = 0 + -2. Calculate the remainder when 43 is divided by u/(-8) + 348/16.
21
Let p = -23 - -43. Suppose -3*j + 6*j - 5*q = 69, -5*q + 39 = 3*j. Let n = -7 + j. Calculate the remainder when p is divided by n.
9
What is the remainder when 38 is divided by (2/5)/(1/20)?
6
Let p(v) = 4*v + 1. Let l be p(1). Suppose -3*j + 48 = l*h, 0*h - 2*j - 16 = -2*h. What is the remainder when 15 is divided by h?
6
Let r(b) = -5*b + 5. Let n(c) = -14*c + 14. Let g(o) = 6*n(o) - 17*r(o). Let m be g(-5). Let z = m - -9. Calculate the remainder when 3 is divided by z.
0
Let q = 18 - 26. Let o = q - -4. Let w = o + 11. What is the remainder when 19 is divided by w?
5
Let o(a) = -5*a - 7. What is the remainder when 13 is divided by o(-3)?
5
Let c = 116 - 16. What is the remainder when c is divided by 51?
49
Let l = 5 - 0. Calculate the remainder when 12/l + 4/(-10) is divided by 2.
0
Let m(v) = 16*v**2 - v. Suppose b - 6 - 26 = 0. Calculate the remainder when b is divided by m(-1).
15
Suppose -4*p - 2*u - 10 = -0*p, 4*u + 7 = 5*p. Let k = 8 + p. Calculate the remainder when 12 is divided by k.
5
Suppose 5*u - 16 + 6 = 0. Let c be 1 + (-1 - -1) + -5. Let l = 7 + c. What is the remainder when l is divided by u?
1
Let k(v) = v + 7. Let q be k(-5). Let y(t) = 6*t**2 - 4*t + 2. What is the remainder when 35 is divided by y(q)?
17
Suppose 0 = -b + 3*i + 16, b - 4*i = 21 - 1. Suppose 50 = 5*l - 5*j, -3*j = -4*l - b*j + 35. What is the remainder when 17 is divided by l?
8
Calculate the remainder when 36 is divided by (-32)/40 + (-138)/(-10).
10
What is the remainder when (-4)/(-16) - (-67)/4 is divided by (-100)/75*(-30)/4?
7
Let q = -74 - -107. Calculate the remainder when q is divided by 18.
15
Suppose 0 = 4*x + 4*a - 42 + 6, 15 = 2*x + a. Suppose -n + 52 = 11. Suppose 5*y - 146 = -n. What is the remainder when y is divided by x?
3
Let f(r) = -r**2 + 7*r + 2. Let u be f(7). Let q = 76 - 27. Calculate the remainder when q is divided by (6/(-9))/u*-51.
15
Suppose 4*t - 17 = 27. Calculate the remainder when 112/(-24)*(-18)/4 is divided by t.
10
Suppose -4*z = z - 10. Let j(r) = r**2 - 3*r + 2. Let k(a) = -a**2 + 4*a - 1. Let n(y) = z*k(y) + 3*j(y). What is the remainder when 19 is divided by n(3)?
9
Let r = 8 + 13. What is the remainder when r is divided by 12?
9
Let d = -66 + 153. Calculate the remainder when d is divided by 11.
10
Suppose -4*p + 43 = -3*a, -2*p + 5*a + 30 = 5. What is the remainder when p is divided by 4?
2
Let j = 8 + -6. Suppose 3*q + 10 = 3*l + 2*q, 20 = j*l - 4*q. What is the remainder when 2 is divided by l?
0
Suppose 1 - 10 = d. Let j = d - -21. What is the remainder when (-3)/(0 + 1/(-11)) is divided by j?
9
Let k(a) = -a**2 - 12*a + 16. Let r be k(-13). Let s(u) = -5 + 2*u**2 - 10*u**2 + 2 + u**3 - 2*u**r - u. Calculate the remainder when s(-8) is divided by 3.
2
Calculate the remainder when ((-28)/(-6))/(6/117) is divided by 19.
15
Suppose -2*c - c + 93 = 0. Suppose 9 = m + 4*p - c, 4*m - 76 = 5*p. Calculate the remainder when 71 is divided by m.
23
Suppose 0 = 4*b - 8*b - 16, -28 = -4*m + 3*b. Calculate the remainder when 17 is divided by m.
1
Suppose -d - 254 = -3*d. What is the remainder when d is divided by 43?
41
What is the remainder when (0 + 140)/4 + 0 is divided by 18?
17
Suppose 0*x - 47 = -x. What is the remainder when x is divided by 16?
15
Let u(v) = v**2 - 5*v + 4. What is the remainder when u(5) is divided by 2?
0
Suppose 4*c = -2*f - 1996, -5*c + 307 = -3*f + 2791. Calculate the remainder when c/(-18) + 2/(-3) is divided by (-42)/(-4)*12/27*3.
13
Let k(d) be the second derivative of d**4/12 + d**2 + d. Let p = 85 + -32. Calculate the remainder when p is divided by k(-4).
17
Suppose 0 = -3*a + 5*x + 181, 3*a - 146 = 3*x - 5*x. Suppose -3 = -5*c + a. Calculate the remainder when 31 is divided by c.
9
Calculate the remainder when 6 is divided by 4 - -2*(0 - 1).
0
Let p(z) = -z**2 - 2*z - 2. Let d(y) = -y - 1. Let c(b) = 2*d(b) - p(b). What is the remainder when 62 is divided by c(-4)?
14
Suppose 3*g = -2*g + 25. Suppose 0 = -g*o + 4 + 6. Let b(u) = 3*u**2 + 2*u. Calculate the remainder when b(o) is divided by 6.
4
Let v(x) = x**2 + 4*x - 4. Let r = -4 + -2. What is the remainder when 13 is divided by v(r)?
5
Calculate the remainder when 15 is divided by (-6)/9*3 + 4 - -2.
3
What is the remainder when 46 is divided by (-30)/2*4/(-5)?
10
Let m = 8 - 4. What is the remainder when 10 + 0/(-2) + (-2 - -1) is divided by m?
1
Let g(o) = 47*o**3 + o**2 - 2*o + 1. Calculate the remainder when g(1) is divided by 16.
15
Suppose -5*y = 5*u - 40, -2*u - 4*y + 6 + 14 = 0. What is the remainder when 11 is divided by u?
5
Suppose 35 = 2*u - 11. What is the remainder when u is divided by 13?
10
Suppose 10 = -6*l - 44. Let r(g) = g**3 + 8*g**2 - 13*g - 10. Calculate the remainder when r(l) is divided by 15.
11
Let j = 4 - 10. Let f(n) = -n**2 - 9*n - 6. Calculate the remainder when 23 is divided by f(j).
11
Let o(m) = m + 23. Wha